{"id":1316,"date":"2019-07-16T13:22:02","date_gmt":"2019-07-16T10:22:02","guid":{"rendered":"http:\/\/mimarsinanavize.com\/?page_id=1316"},"modified":"2022-08-29T17:56:08","modified_gmt":"2022-08-29T14:56:08","slug":"sahi-selcuklu-avize-modelleri","status":"publish","type":"page","link":"https:\/\/mimarsinanavize.com\/index.php\/sahi-selcuklu-avize-modelleri\/","title":{"rendered":"\u015eah\u0131 Sel\u00e7uklu Avize Modelleri"},"content":{"rendered":"<p>[vc_row][vc_column][vc_media_grid element_width=&#8221;3&#8243; item=&#8221;1063&#8243; initial_loading_animation=&#8221;none&#8221; grid_id=&#8221;vc_gid:1661786791047-41b0a3b3ba53745f020edb6b08d1b1a9-6&#8243; include=&#8221;1559&#8243;][\/vc_column][\/vc_row]<\/p>\n","protected":false},"excerpt":{"rendered":"<p>[vc_row][vc_column][vc_media_grid element_width=&#8221;3&#8243; item=&#8221;1063&#8243; initial_loading_animation=&#8221;none&#8221; grid_id=&#8221;vc_gid:1661786791047-41b0a3b3ba53745f020edb6b08d1b1a9-6&#8243; include=&#8221;1559&#8243;][\/vc_column][\/vc_row]<\/p>\n","protected":false},"author":1,"featured_media":0,"parent":0,"menu_order":0,"comment_status":"closed","ping_status":"closed","template":"","meta":{"footnotes":""},"_links":{"self":[{"href":"https:\/\/mimarsinanavize.com\/index.php\/wp-json\/wp\/v2\/pages\/1316"}],"collection":[{"href":"https:\/\/mimarsinanavize.com\/index.php\/wp-json\/wp\/v2\/pages"}],"about":[{"href":"https:\/\/mimarsinanavize.com\/index.php\/wp-json\/wp\/v2\/types\/page"}],"author":[{"embeddable":true,"href":"https:\/\/mimarsinanavize.com\/index.php\/wp-json\/wp\/v2\/users\/1"}],"replies":[{"embeddable":true,"href":"https:\/\/mimarsinanavize.com\/index.php\/wp-json\/wp\/v2\/comments?post=1316"}],"version-history":[{"count":3,"href":"https:\/\/mimarsinanavize.com\/index.php\/wp-json\/wp\/v2\/pages\/1316\/revisions"}],"predecessor-version":[{"id":1560,"href":"https:\/\/mimarsinanavize.com\/index.php\/wp-json\/wp\/v2\/pages\/1316\/revisions\/1560"}],"wp:attachment":[{"href":"https:\/\/mimarsinanavize.com\/index.php\/wp-json\/wp\/v2\/media?parent=1316"}],"curies":[{"name":"wp","href":"https:\/\/api.w.org\/{rel}","templated":true}]}}